 p(s) = 27*s**3 + 806*s**2 - 134*s - 416. Calculate p(-30).
4
Let n(v) = -v**3 - 5*v**2 - 2608*v - 18347. Give n(-7).
7
Let w(h) = -100*h + 4566. Calculate w(55).
-934
Let o(n) = 50756*n - 153339. Give o(3).
-1071
Let n(u) = 6*u**2 + 2254*u + 64085. What is n(-31)?
-23
Let z(o) = -619546*o - 4. Calculate z(0).
-4
Let m(x) = 5*x**2 - 220*x - 6447. Determine m(63).
-462
Let j(r) = -r**3 - 179*r**2 - 2571*r + 6022. What is j(-163)?
-9
Let s(w) = 463*w**2 - 56941*w - 989. What is s(123)?
-5
Let q(r) = 3*r**3 - 10*r**2 - 32*r + 11. Calculate q(5).
-24
Let h(d) = d**3 - 9*d**2 + 131*d - 1087. Calculate h(11).
596
Let w(y) = 356*y + 77666. Determine w(-218).
58
Let g(z) = 56062*z - 168172. What is g(3)?
14
Let f(b) = 6331*b + 177280. Give f(-28).
12
Let d(n) = -893*n - 29689. Determine d(-33).
-220
Let w(g) = g**2 + 901*g + 31181. Determine w(-36).
41
Let x(b) = 5*b**2 + 727*b + 5027. Determine x(-7).
183
Let x(l) = l**3 - 69*l**2 + 2634*l - 46393. Give x(32).
7
Let k(r) = r**2 + 100*r - 7215. Determine k(-143).
-1066
Let d(b) = -10075*b + 100779. What is d(10)?
29
Let l(j) = -65*j**2 + 34846*j + 105124. Give l(-3).
1
Let b(r) = -3*r**2 + 13685*r - 109295. What is b(8)?
-7
Let t(d) = -7*d**2 + 261*d + 84. Give t(40).
-676
Let o(f) = 771*f + 4504. What is o(-7)?
-893
Let x(i) = -7099*i + 4798942. Calculate x(676).
18
Let w(o) = -o**3 - 361*o**2 - 700*o + 6578. Calculate w(-359).
116
Let u(y) = -4*y**2 - 948*y + 20649. Calculate u(20).
89
Let x(c) = -c**3 + 126*c**2 - 142*c + 2684. Calculate x(125).
559
Let k(r) = 5*r**2 + 256*r + 787. What is k(-48)?
19
Let n(b) = 15*b**2 - 983*b - 10326. Calculate n(-9).
-264
Let u(t) = -t**3 - 332*t**2 - 26888*t - 475. Calculate u(-140).
645
Let r(l) = -18914*l + 870034. What is r(46)?
-10
Let i(t) = 9564*t + 29. What is i(0)?
29
Let y(f) = 4*f**3 + 4*f**2 + 24. Calculate y(3).
168
Let w(v) = v**2 + 11*v - 100165. What is w(-322)?
-23
Let i(f) = -240*f**2 + 1418*f - 23. Give i(6).
-155
Let a(x) = x**3 + 10*x**2 - 930*x - 10120. Determine a(-11).
-11
Let x(s) = -2*s**3 + 7*s**2 + 1588*s + 68. What is x(30)?
8
Let s(j) = -921*j - 6299. Calculate s(-6).
-773
Let c(h) = 12*h**2 - 371*h - 1213. Calculate c(-4).
463
Let k(n) = -n**3 - 84*n**2 - 1722*n - 12375. What is k(-58)?
37
Let x(r) = -291*r + 5366. Determine x(19).
-163
Let d(x) = 4064*x + 56780. Calculate d(-14).
-116
Let n(j) = -j**3 - 115*j**2 + 201*j + 9864. Determine n(-116).
4
Let o(w) = 4*w**3 - w**2 + 227*w - 451. What is o(2)?
31
Let a(j) = -8356*j - 41757. Determine a(-5).
23
Let d(h) = -2043*h + 6048. Determine d(4).
-2124
Let m(t) = -5307*t - 53146. What is m(-10)?
-76
Let q(a) = 1994*a + 7613. What is q(-4)?
-363
Let q(b) = 2*b**3 + 219*b**2 - 319*b + 1555. What is q(-111)?
1
Let b(r) = r**2 + 253*r - 17741. What is b(63)?
2167
Let n(g) = g**3 - 20*g**2 + 175*g - 2192. Calculate n(17).
-84
Let d(q) = 2*q**3 - 70*q**2 - 718*q - 208. Give d(-8).
32
Let v(i) = -731*i + 40314. Determine v(55).
109
Let u(p) = 4947*p + 1197134. Calculate u(-242).
-40
Let b(k) = 23195*k + 19738932. Give b(-851).
-13
Let p(x) = 2*x**2 + 568*x - 315860. Give p(280).
-20
Let s(q) = q**3 + 42*q**2 - 398*q - 92. Determine s(8).
-76
Let f(r) = 17*r**2 + 2637*r + 2612. Calculate f(-1).
-8
Let d(g) = 480145*g - 5761735. What is d(12)?
5
Let k(l) = -35375*l + 388942. Calculate k(11).
-183
Let g(k) = -4072*k + 25153. Determine g(6).
721
Let r(q) = 19826*q - 455959. Determine r(23).
39
Let l(w) = 2*w**2 - 1548*w - 373275. Give l(-193).
-13
Let v(h) = 212*h**2 + 126131*h - 5353. Calculate v(-595).
2
Let j(s) = 1105*s - 98365. Give j(89).
-20
Let l(k) = -55*k**2 + 18687*k - 56049. Determine l(3).
-483
Let w(p) = 4211*p + 63170. What is w(-15)?
5
Let a(o) = -o**3 + 6*o**2 + 7577*o - 52981. Calculate a(7).
9
Let h(k) = -23*k**2 - 183*k - 395. Calculate h(-6).
-125
Let x(f) = 67*f**2 + 4018*f - 61. Determine x(-60).
59
Let v(q) = -82345*q + 411720. What is v(5)?
-5
Let d(j) = -7637743*j. Give d(0).
0
Let s(t) = -198598*t - 1588810. What is s(-8)?
-26
Let f(y) = -114*y + 29418. Calculate f(259).
-108
Let g(h) = 486963*h - 4869620. Determine g(10).
10
Let d(i) = 51485*i - 926583. What is d(18)?
147
Let m(w) = 2*w**2 - 4496*w + 80282. Calculate m(18).
2
Let v(o) = -o**2 - 3039*o - 506395. What is v(-177)?
179
Let c(m) = -2*m**3 - 170*m**2 - 1104*m + 16. What is c(-7)?
100
Let b(i) = -31607*i + 1485494. Calculate b(47).
-35
Let t(q) = 2*q**2 + 23434*q - 187438. Calculate t(8).
162
Let o(z) = -30*z + 107. Give o(3).
17
Let t(d) = -1508*d - 183969. What is t(-122)?
7
Let r(x) = -636*x + 5675. What is r(8)?
587
Let j(u) = 63*u**3 - 9445*u**2 - 794*u + 6616. Calculate j(150).
16
Let f(p) = 85049*p - 765446. What is f(9)?
-5
Let k(g) = 35703*g + 356968. Calculate k(-10).
-62
Let l(s) = -2*s**3 - 90*s**2 - 99*s - 493. What is l(-44)?
-9
Let w(u) = -2721*u + 16095. Determine w(6).
-231
Let h(f) = -134*f**2 + 3270*f - 1283. Give h(24).
13
Let t(f) = 3*f**2 + 12*f - 701. Give t(13).
-38
Let p(u) = 6*u**3 + 32*u**2 - 127*u - 620. Determine p(-6).
-2
Let z(v) = 20*v**2 + 2064*v - 1525. What is z(-104)?
139
Let k(s) = 549*s - 28143. Determine k(51).
-144
Let l(x) = -21*x**2 + 2213*x - 24359. What is l(11)?
-2557
Let s(k) = 299*k - 49628. Give s(166).
6
Let w(v) = 79*v**2 - 6*v + 27. Give w(-3).
756
Let x(b) = 9*b**2 + 265*b + 1594. What is x(-8)?
50
Let s(t) = -t**3 + 77*t**2 - 265*t - 1833. Calculate s(73).
138
Let d(z) = z**3 - 142*z**2 - 10395*z + 1502870. Calculate d(139).
2
Let o(p) = 5679*p - 4821516. Calculate o(849).
-45
Let d(a) = 6461*a + 206754. Calculate d(-32).
2
Let d(z) = -16246*z + 26269774. Determine d(1617).
-8
Let c(b) = -9*b**3 + 35*b**2 - 285*b + 729. Give c(6).
-1665
Let u(s) = -451*s**2 + 4977*s - 92. What is u(11)?
84
Let l(z) = 2*z**3 + 33*z**2 + 130*z + 27. Determine l(-11).
-72
Let q(y) = -y**2 + 14928*y - 3510677. Give q(239).
-6
Let a(s) = 12760*s - 4159753. What is a(326)?
7
Let y(q) = -q**3 + 359*q**2 + 2186*q + 1454. Give y(365).
-6
Let f(x) = -x**3 + 69*x**2 + 394*x - 1817. What is f(74)?
-41
Let r(v) = 753*v + 12850. What is r(-17)?
49
Let w(u) = -2*u**3 - 6*u**2 + 57*u + 179. What is w(-5)?
-6
Let g(m) = m**3 + 46*m**2 + 268*m - 45. Calculate g(-7).
-10
Let m(g) = g**3 - 45*g**2 - 6*g + 3652. Determine m(46).
5492
Let q(d) = -4958*d + 6192543. Calculate q(1249).
1
Let n(d) = 9846*d + 78737. Give n(-8).
-31
Let j(b) = 807*b + 8106. Give j(-12).
-1578
Let u(i) = 962*i + 5. Calculate u(0).
5
Let h(x) = -5*x**3 + 430*x**2 + 453*x - 1553. Give h(87).
13
Let a(f) = f**2 + 5273*f + 385594. Calculate a(-74).
868
Let g(u) = -4*u**3 - u**2 + u - 248. What is g(6)?
-1142
Let l(n) = -n**2 + 94*n - 2042. Give l(21).
-509
Let o(s) = 12812*s - 192178. Give o(15).
2
Let y(z) = -367*z - 35064. Calculate y(-95).
-199
Let f(o) = -99*o**2 + 311*o + 628. Calculate f(-2).
-390
Let o(x) = 96*x - 2619. Calculate o(25).
-219
Let j(k) = -10334*k - 41327. Determine j(-4).
9
Let k(o) = -8*o**3 - 10*o**2 - 62*o - 139. Determine k(-4).
461
Let l(c) = -c**3 + 13*c**2 + 27*c - 198. Give l(4).
54
Let n(u) = 2*u**2 - 24*u - 964. Calculate n(-33).
2006
Let u(h) = -207*h**2 - 3680*h + 20. Give u(-17).
2757
Let f(o) = -48*o**3 + 124*o**2 - 239*o - 6. Determine f(2).
-372
Let h(a) = -21*a**2 + 2410*a - 21708. Determine h(9).
-1719
Let p(m) = 1207*m - 8926. Determine p(8).
730
Let i(y) = -7080*y - 7427. Determine i(-1).
-347
Let r(o) = 358*o + 6912. Calculate r(-22).
-964
Let u(m) = -618*m + 2931. Determine u(4).
459
Let d(t) = -t**3 + 6*t**2 + 353*t - 3519. Calculate d(11).
-241
Let s(h) = 30159*h - 12033427. Calculate s(399).
14
Let v(h) = 12*h**3 - 1870*h**2 - 244*h - 10613. What is v(156)?
-5
Let t(s) = -274423*s + 1097702. Calculate t(4).
10
Let z(q) = 2*q**3 - 475*q**2 - 220*q - 4295. Calculate z(238).
-11
Let r(d) = -47*d**2 + 203*d + 482. Determine r(10).
-2188
Let l(w) = 7165*w + 28598. Give l(-4).
-62
Let z(v) = -2*v**3 - 10*v**2 + 5*v + 68. Give z(-5).
43
Let b(f) = 10*f**2 - 694*f + 358. Determine b(71).
1494
Let q(r) = -1726*r - 7052. What is q(-4)?
-148
Let f(d) = d**2 + 90*d + 1082. Give f(-70).
-318
Let m(a) = -105520*a + 2532520. Give m(24).
40
Let v(l) = 755*l**2 + 767*l + 38. Calculate v(-1).
26
Let k(c) = -1594*c**2 - 71*c - 1. Calculate k(-1).
-1524
Let h(x) = 442*x + 1772. Determine h(